 l = -133 + 125. Let v be -4*l/((-24)/(-9)). What is the highest common factor of 66 and v?
6
Suppose 136*n - 458 = 180 + 994. Let o be 1 + -1 + 6*2. What is the greatest common divisor of n and o?
12
Suppose 0 = -2*h - 4*j + 48, 0*j - 4*j = -12. Calculate the greatest common divisor of h and 6.
6
Let w be (-6 - -8) + 39/(1 - -2). Suppose 0 = -2*o + 7*o + 25, -u - 10 = 3*o. What is the highest common factor of u and w?
5
Suppose 11*o - 6*o + 340 = 0. Let n = -64 - o. Suppose 24 = 4*y + 2*v, -3*y + 4*v = -y - 12. What is the greatest common divisor of n and y?
2
Let k = 280 + -202. Calculate the greatest common divisor of k and 18.
6
Suppose -122*c = -132*c + 560. What is the highest common factor of 16 and c?
8
Let n = -21 - -28. Let o be 2 + 8/(-28) + 2/n. Let g be 8 + ((-2)/2 - 1). What is the greatest common factor of g and o?
2
Suppose -7*s + 4*s + 130 = 2*a, 2*s = 2*a + 70. Let n(g) = -4*g. Let h be n(-5). What is the highest common divisor of s and h?
20
Let o = -1 + 14. Suppose -3*c - 3*a = -51, -2*c - 15 = -3*c + a. Let i = 55 - c. Calculate the greatest common factor of i and o.
13
Suppose -2*s - 392 = -656. What is the highest common divisor of s and 12?
12
Suppose -22 = -9*u + 8*u + 2*l, -l - 74 = -4*u. What is the highest common divisor of u and 696?
6
Suppose -4*j = -26*j + 682. Suppose 532 = 2*l - 150. Calculate the greatest common divisor of j and l.
31
Let s(a) = a**3 + a**2 - 2*a + 168. Let m be s(0). Suppose 56 = 3*w - 2*w - 5*p, 3*w = -4*p + m. Calculate the highest common divisor of w and 7.
7
Let d = -281 - -285. What is the greatest common divisor of 12 and d?
4
Let c = -21 + 23. Suppose c*l - 44 = -2*l. Let n be 4/(-10) - 57/(-5). Calculate the greatest common divisor of n and l.
11
Let w(q) = q**2 + 7*q + 8. Let u be w(9). What is the greatest common divisor of 40 and u?
8
Suppose -193 = 6*o - 625. Suppose -f = 2*f - 57. Let j = f + -10. What is the highest common divisor of j and o?
9
Suppose 294 - 6 = 4*b. What is the highest common factor of b and 8?
8
Suppose 0*s = 2*s - 12. Suppose 0 = -5*x + s + 4. Suppose -133 = -5*h - 43. Calculate the highest common divisor of h and x.
2
Suppose 332 + 48 = h. Calculate the highest common divisor of 20 and h.
20
Let x be 29/58 + (-93)/2. Let h = x + 118. What is the greatest common divisor of 8 and h?
8
Let h(l) = 13*l**2 + 2*l + 1. Suppose -9*y + 4*y = 5. Let u be h(y). Let x be (-63)/(60/(-16) - -3). What is the greatest common divisor of u and x?
12
Let p(t) = 3*t - 1. Let z be p(11). Let y be (-2)/6*-3 + 2. Suppose -2*h + 44 = y*o - 6*h, -o = 5*h + 17. What is the highest common factor of z and o?
8
Let p be ((-3)/(-12))/(34/17000). What is the highest common divisor of p and 225?
25
Suppose -13877 = -31*t + 6769. What is the highest common factor of 36 and t?
18
Suppose -30*z + 9*z + 23247 = 0. What is the greatest common factor of z and 41?
41
Suppose -91*m = -82*m - 2754. What is the greatest common factor of 36 and m?
18
Let a be (0 - 6)/6 - -13. What is the highest common factor of 3 and a?
3
Let o = 610 - 425. What is the greatest common divisor of 37 and o?
37
Suppose 11 = s + 7*j - 2*j, -5*s = 5*j - 75. Calculate the greatest common factor of 112 and s.
16
Let p be (-2)/(-7) - (-3 + 69/21). Suppose 7 = -n + 5*f - 7, -3*n + f = p. Calculate the highest common factor of n and 3.
1
Let s = -2802 + 2835. What is the highest common divisor of s and 429?
33
Suppose 2*g - 8 + 6 = 0, -587 = -5*b - 2*g. What is the greatest common divisor of b and 9?
9
Suppose 1235*y - 4845 = 1232*y. Calculate the greatest common divisor of 19 and y.
19
Suppose -5*g = 4*o + 11 + 3, 2*o = 4*g + 6. Suppose -3*r + 4*r = -12. Let p be o*24/4*r. Calculate the highest common divisor of 12 and p.
12
Suppose -2*j = -j - 43. Let x = 17 - 44. Let y = x + j. What is the highest common divisor of y and 4?
4
Let c(z) = 3*z + 6. Let f be c(-9). Let i be (f/14)/((-3)/44). Let q(o) = 2*o**2 + 8*o - 2. Let m be q(-6). Calculate the greatest common divisor of i and m.
22
Let t be ((-12)/7)/(26/(-182)). Suppose -9 + 33 = 2*h. Calculate the highest common factor of t and h.
12
Let t(m) = 38*m**2 - 2*m - 2. Let o be t(-2). Suppose 63*n - 154 = 56*n. What is the greatest common divisor of n and o?
22
Suppose 2*r - 3 = -r. Suppose 0 = -i - 3*g, 6 = -5*g - 9. Calculate the greatest common factor of i and r.
1
Let b be -8*(5/2 - 2). Let c = b - -6. Suppose -c*v = 2, g - 24 - 12 = v. Calculate the highest common factor of g and 140.
35
Let c be (9/6)/(6/152). Suppose 5*t - 23 = -2*g, 5 = t - 0. Let f be 15 + (-4)/g - 0. Calculate the highest common factor of f and c.
19
Let r(u) = 9*u - 4. Let s be r(6). Let a(h) = 42*h + 369. Let g be a(-7). Calculate the highest common factor of g and s.
25
Let z = -131 + 215. Suppose -4*k + 0*k = -z. What is the greatest common divisor of k and 168?
21
Let k = -5 + 5. Suppose -4*q - 4*f + 4 = 0, k = -q - 4*q - 3*f + 7. Suppose q*s = 5*s - 39. What is the greatest common factor of s and 26?
13
Suppose 0 = 5*w - 240 - 290. What is the greatest common factor of 583 and w?
53
Let q(j) be the second derivative of -7*j**3/6 + 15*j**2/2 - 9*j. Let z be q(-15). Let d = -10 + 25. What is the highest common factor of d and z?
15
Let g = 893 - 424. Calculate the highest common divisor of g and 268.
67
Let v = -84 + 284. Calculate the greatest common divisor of v and 25.
25
Let b(k) be the second derivative of k**4/12 + 2*k**3/3 + 2*k**2 - 20*k. Let w be b(-3). Calculate the highest common factor of w and 7.
1
Suppose 780 = 2*w - 404. Calculate the greatest common divisor of w and 37.
37
Let t = -95 - -95. Suppose t = 4*r - 4*h - 144, -2*r - 3*h = -2*h - 60. What is the highest common factor of 2 and r?
2
Suppose -4*t - 70 = -14*t. Suppose -35 - 259 = -t*p. What is the greatest common factor of 462 and p?
42
Let n be 113 + -1 - (-35 + 33). What is the highest common divisor of 418 and n?
38
Suppose 20 = -15*u + 16*u - 2*p, -u = -p - 25. What is the greatest common divisor of u and 100?
10
Let w(b) = 13*b + 176. Let y be w(-11). Let a(v) = 2*v**3 - 10*v**2 - 4*v + 11. Let o be a(8). Calculate the highest common divisor of o and y.
33
Let p = -8 + 11. Suppose 3*y = -3*q + 21, 7*y - 40 = 3*q - 7*q. What is the greatest common factor of q and p?
3
Let n be ((-2)/4)/(1/(-4)). Suppose 4*z = 3*r + r, 18 = 4*z + n*r. Suppose 0*w + 216 = z*w. What is the greatest common divisor of 9 and w?
9
Suppose -31449 = -87*s + 123585. Calculate the greatest common divisor of 66 and s.
66
Let l = -29 + 89. What is the greatest common factor of l and 660?
60
Suppose 37*p + 14 = 38*p. Calculate the highest common divisor of p and 574.
14
Suppose -4*v + 2*a - 118 = 0, -4*v = -4*a + 166 - 42. Let t = 32 + v. What is the greatest common divisor of t and 4?
4
Suppose 0*c - 78 = -5*c - g, -69 = -5*c + 2*g. Suppose 4*y = -y + c. What is the greatest common factor of y and 21?
3
Let l(q) = -39*q + 2. Let i be l(-2). Let n be (-230)/(-69)*(-336)/(-35). What is the greatest common factor of i and n?
16
Let d(q) be the second derivative of q**4/4 + q**2 + 2*q. Let z be d(-5). Let n be 4/18 + 388/36. Calculate the highest common divisor of z and n.
11
Let d = -20 - -20. Suppose 2*o - 8 + d = 0. Suppose -2*v + 2*x = 6*x - 20, -4*x + 8 = -o*v. Calculate the highest common factor of 2 and v.
2
Let q be 1/3 - 44/(-12). Suppose -q*p + 5*p = -2*d - 152, -d - 481 = 3*p. Let h be p/(-10) - 3/15. What is the greatest common divisor of h and 64?
16
Suppose 68355 = 80*x - 17*x. What is the highest common factor of x and 70?
35
Let p be 147/(-3 - 4)*-1. Let t(a) = 231*a**2 - a - 1. Let g be t(-1). Calculate the highest common divisor of g and p.
21
Let f = 576 + -532. What is the greatest common divisor of 319 and f?
11
Suppose 30 + 10 = 4*v - 4*k, -v - 4*k + 25 = 0. Suppose x - v = 22. Let s = x + -21. Calculate the greatest common divisor of s and 70.
14
Let g(a) = a**2 + 17*a + 43. Let f be g(-19). What is the highest common divisor of f and 135?
27
Let n(g) = g - 9. Let h(l) = -12*l + 117. Let s(t) = 2*h(t) + 27*n(t). Let j be s(16). What is the greatest common factor of j and 13?
13
Let n(x) be the second derivative of x**4/6 - 2*x**3/3 - x**2/2 - 3*x. Let c be n(4). What is the highest common factor of 5 and c?
5
Suppose 0 = -c